3*a = 8, -2*a - 3*a - 15 = 0. Give s(h).
8
Let i(n) = n - 46*n**2 + 0*n - 44*n**2 + 131*n**2 + 5*n**3 - 40*n**2 + 1. Determine i(-1).
-4
Let p be (-12)/(-15)*(-5)/2. Let o be 8*(7/p)/(-7). Let i be (-2)/(o/(2 - 4)). Let f(w) = 2*w**2 - 1. Calculate f(i).
1
Suppose 3*r + 19 - 10 = 0. Let w(c) = -c**2 - 5*c - 3. Let g be w(r). Suppose g*j - j = -3*d + 10, 0 = 5*j - 25. Let o(h) = -h**2 - h + 5. Calculate o(d).
5
Let g(i) = 2 - 281*i + 142*i - 12 + 141*i. Let b(s) = -2*s + 11. Let l(f) = 5*b(f) + 6*g(f). Give l(7).
9
Let d be 20/80 + -2 + (-290)/8. Let s be (-3)/2 + (-247)/d. Let m(f) = f**2 - 4*f - 1. What is m(s)?
4
Let z = -22 + 17. Let g(r) be the second derivative of -1/20*r**5 - 2/3*r**3 + 0 - 48*r + 7/2*r**2 - 1/2*r**4. What is g(z)?
2
Let w(f) be the second derivative of -f**5/20 + 5*f**4/6 - 17*f**3/6 + f**2 - 12913*f. What is w(8)?
-6
Let j(w) = -w**3 - 3*w**2 + 3*w + 1. Let p(c) = -4*c - 26. Let x be p(-7). Suppose -u + 7 = -v, -10 = x*v + 5*u - 6*u. Calculate j(v).
-8
Let z(a) be the second derivative of -a**3/6 - 3*a**2 - 2*a - 9. Let l be (-1 - -21)*(-5)/10. Determine z(l).
4
Let i(s) = 6*s**2 - 69*s + 291. Let q(u) = -u**2 + 14*u - 53. Let y(j) = 2*i(j) + 11*q(j). What is y(-17)?
16
Let g(x) be the second derivative of -x**3/6 + 5*x**2/2 - 1462*x. What is g(5)?
0
Let o(h) be the first derivative of -h**2/2 + h - 20959. Suppose 0 = -3*u + u - 4. Calculate o(u).
3
Let i(z) = 49*z - 3 + 45*z + 35*z - 153*z - 9*z**2 + 36*z. What is i(1)?
0
Let k(m) = 1 + 0 - 16*m**3 + 20*m**2 + 19*m**2 - 38*m**2 + 0*m**3. What is k(-1)?
18
Let r be (1/(-4))/(5/(-180)). Suppose r = 2*k + 3*j, 4*j - 3 = k - 2. Let c(g) = g + 7*g**3 - 2*g**k + 2*g**3 - 3*g**3. Calculate c(-1).
-5
Let g(c) be the first derivative of c**3 - 2*c**2 - 3*c - 30036. Let o be 6/(-27) + (-32)/18. Determine g(o).
17
Suppose u + 1 = 4*i - 6, 0 = 4*i + 2*u - 22. Suppose -4 - 11 = -i*r. Let k(m) be the second derivative of 5*m**3/6 - 3*m**2/2 - 20*m. Determine k(r).
22
Suppose -2 = q - 1. Let k(m) be the first derivative of 2*m**3/3 - m**2 - m + 2032. Calculate k(q).
3
Let o(a) = -a**3 + a**2 + 2*a - 3. Let i(r) = -2*r**3 - 2*r**2 + 12*r - 11. Let s be i(4). Let b be (-5)/((1/10)/((-10)/4)). Let p = s + b. Calculate o(p).
-3
Let g(z) = -z**2 - 5*z - 2. Suppose -22*m + 27*m = 2*q + 105, -3*m + 63 = 4*q. Suppose -m*c - 32*c = 371. Give g(c).
-16
Let v be 231/715*15 + 2/13. Let g(s) = s**3 - 6*s**2 - 3*s + 3. Determine g(v).
-37
Let v(d) = 2*d - 18. Let k be v(8). Let z be 16/10 - (-9)/(315/14). Let x(t) = 0 + 28*t**2 - 2*t - 2 - 30*t**z + t**3. What is x(k)?
-14
Let o(x) = -5*x**2 - 77*x - 25. Let r be o(-15). Suppose -a - 12 = 3*a - 4*s, 5*a + 15 = -r*s. Let i(h) = h**2. What is i(a)?
9
Let y(d) = -2*d - 112 + 101*d**2 - 106*d**2 - 111 + 224. Suppose -m + 5*m = 24. Suppose s - m*s = -5. Calculate y(s).
-6
Let i(z) = 2*z**3 - 13*z**2 + 35. Let x = 22253 - 22247. Give i(x).
-1
Let p(x) = 18*x - 18. Let n(c) = -15*c + 20. Let r(o) = -5*n(o) - 4*p(o). Give r(14).
14
Let s(z) = z + 4. Let b(w) = -w**3 + 30*w**2 - 57*w + 35. Let x be b(28). Suppose 0 = -4*f + 2*q - 32, -4*f = -x*f + 3*q - 24. What is s(f)?
-4
Let s(a) = a**2 - 10*a - 11. Let p(h) = h**3 - 6*h**2 + 8*h - 6. Let v be p(5). Give s(v).
-20
Let i(c) be the second derivative of -c**6/48 - c**5/60 + c**4/12 + 5*c**3/6 + 2*c - 108. Let p(j) be the third derivative of i(j). Give p(3).
-47
Let k(y) = y**3 + 2*y**2 - y - 4. Let j be k(0). Let x be j/12 + 143/(-3). Let n = -50 - x. Let z(i) = i**2 + i. Give z(n).
2
Let h = 298 - 291. Let q(n) = h - 2 - 7 + 8*n. Determine q(2).
14
Let b(n) = -n + 4. Let t(m) be the second derivative of -4*m**3/3 + 26*m**2 - 6*m + 2. Let i(y) = -10*b(y) + t(y). Give i(-8).
-4
Let o(l) = 17*l**2 + 5*l + 7. Let r = 3 + -8. Suppose -27*w - 23*w - 28 = -54*w. Let v(j) = 25*j**2 + 7*j + 10. Let u(p) = r*v(p) + w*o(p). Give u(-1).
-7
Let j(h) = 18 - 40*h**3 - h**2 + 20*h**3 + 21*h**3. Suppose 0 = -8*c - 885 + 885. Determine j(c).
18
Let j(g) = g**3 - 12*g**2 - 13*g. Let l(d) = -3*d - 35. Let i be l(-16). Let f be j(i). Let s(c) = f*c + c - 27*c**3 + 17*c**3. Give s(1).
-9
Let q(x) = 103*x**2 + 67*x**2 - 5 - 16*x - 169*x**2. Calculate q(17).
12
Let b(m) = m**2 + m - 10. Let q(p) be the third derivative of -p**5/60 - 7*p**4/24 + 4*p**3/3 - 4*p**2 + 8*p. Let u be q(-8). Determine b(u).
-10
Let u(z) be the first derivative of z**3/3 + 9*z**2 - 86*z + 2753. Determine u(-22).
2
Let q(n) = -n**2 + 39*n - 202. Let w be q(6). Let j(x) = 6*x**2 + 27*x + 6. Give j(w).
-6
Let r(d) = 18*d**2 + 9 - 12*d**2 - 14*d**2 - 2*d**3 + 6*d + 6*d. Determine r(-5).
-1
Let p = 81 + -76. Let y(z) = 4*z - 19. Let b be y(10). Let h(o) = -12 + 2*o + b - o**2 - 7. Give h(p).
-13
Let y = 133 - 115. Suppose -16*s - 42 = -y*s. Suppose 4*x = -4*h + 3*h + 23, -3*h = 4*x - s. Let m(c) = c - 3. What is m(x)?
3
Let f(a) = 4*a + 1 - 47*a - a + 20*a - 3*a. Give f(1).
-26
Let r = -1966 + 1942. Let m(p) = -p**2 - 23*p + 21. Give m(r).
-3
Let v(q) = 13*q**3 - 9*q**2 - 15*q + 4. Let k(f) = -17*f**3 + 10*f**2 + 16*f - 1. Let l(o) = -3*k(o) - 4*v(o). Calculate l(7).
22
Let j(l) be the first derivative of -1/3*l**3 + 63 + 9/2*l**2 + 3*l. What is j(9)?
3
Let w(h) = 110 - 15*h**2 - 77*h - 208 + h + 104. Determine w(-5).
11
Let l(b) = -b**2 - 16*b - 4. Let g be (10 - 16) + 10 + 352/(-1). Let v = g - -332. What is l(v)?
-4
Let o = 44 + -58. Let f(v) = v**3 + 14*v**2 + 2*v + 29. Let k be f(o). Let w(g) = 20*g + k - 4*g - 10*g - 7*g. Give w(1).
0
Let o = -1684 + 1689. Let x(m) = -4*m - 14. Determine x(o).
-34
Let y be 0 - (-1 - (1 + 0)). Let c(f) = -3 + f**2 - 9*f - 3 + 0*f**2 + y. Suppose d + 77*s + 13 = 73*s, -d + 22 = -3*s. Calculate c(d).
-18
Let i(u) = -5888 - 5888 - 5*u + 11774 + 3*u. Give i(-2).
2
Let s(j) = j**2 - 33*j + 10. Let i be s(0). Let m(h) = h**2 - 2*h - 12. Calculate m(i).
68
Let u be 2/4*(27 - 43). Let n(g) = -g**3 - 9*g**2 - 7*g + 16. Determine n(u).
8
Let l(z) be the third derivative of z**6/120 - z**5/15 + z**4/8 - z**3/3 - 7915*z**2 + z + 1. Let a = -4 - -7. Give l(a).
-2
Let j(w) be the first derivative of -w**3/3 + w**2/2 + 6*w - 1307. Calculate j(5).
-14
Let d(w) = 6 - 3 - 2*w - 2 - 3*w + 1. Suppose -18*b + 13*b = -25. Give d(b).
-23
Let v(j) be the second derivative of 7*j**5/20 + j**3/6 - 6*j**2 + 643*j. What is v(0)?
-12
Let d(m) = -1772 + 5*m**2 + 1779 - 6*m + 0*m**2. Calculate d(1).
6
Let o(w) be the third derivative of 7*w**4/12 - 5*w**3/6 + 4888*w**2. What is o(2)?
23
Let u(z) = -3*z**3 - z**2 + 1. Let i(g) = 6*g + 4. Let q be i(0). Suppose 0 = f + r + 1, q*r + 25 = 2*f + f. Suppose -45 = -f*o - 42. What is u(o)?
-3
Let o(v) = 23642 - 17*v**2 - 19*v**2 + 2*v - 38*v**2 - 23642. Calculate o(1).
-72
Let c(j) = -5*j + 318. Let z = 20955 - 20891. Calculate c(z).
-2
Let w(f) = -12*f - 89. Suppose -3*h - 22 = 2*o, -h + 128 - 144 = 5*o. Give w(h).
-17
Let d(n) be the first derivative of n**4/4 - 10*n**3/3 + 8*n**2 + 30*n + 2634. What is d(7)?
-5
Let r(m) = -m**3 + 3*m**2 + 3*m + 1. Suppose 0 = v - 8961 + 8962. Give r(v).
2
Let j(z) be the second derivative of z**5/20 - 19*z**4/12 - 21*z**3/2 - 37*z**2 + 5*z - 247. Determine j(22).
-8
Suppose 0 = 296*s - 306*s + 10. Let f(j) be the first derivative of 1/2*j**2 - j**3 + 0*j - s. Determine f(-1).
-4
Let l = -3860 - -3862. Let m(i) = -i**2 + 9*i - 13. Give m(l).
1
Let t(c) = -5*c - 2*c**2 - 14371*c**3 + 6 - c**2 + 1 + 14372*c**3. Determine t(4).
3
Let r(b) = -b**3 - 2*b**2 + 3*b - 4. Let a be 27/12 + 7/(-28). Let c be a/2*18 + (5 - 3). Let d = c + -23. What is r(d)?
-4
Let p(f) = f**3 + 3*f**2 - 4*f - 11. Let t be p(-3). Let m(w) = -5*w**3 + 12*w**3 - t + 20*w - 14*w - 8*w. What is m(-1)?
-6
Let w(a) = -9*a + 6. Suppose p - 2*x + 25 = 0, 59 = -3*p + x + 4. Let q(z) = 26*z - 17. Let f(d) = p*w(d) - 6*q(d). Determine f(3).
-9
Let g(c) = 13*c**2 + 9*c - 15. Let h(z) = 3*z**2 + 2*z - 4. Suppose 4*d + 4*m - 12 = 0, -6 = -d - 4*m - 0. Let t(u) = d*g(u) - 9*h(u). Determine t(5).
-19
Let t(x) = -2*x - 4. Suppose 2*u = -30 + 36. Suppose f = u*f + 12. Calculate t(f).
8
Let u(g) = -9*g + 12*g - 4*g. Let d be 4086/162 - 18 - (-2)/(-9). What is u(d)?
-7
Let j(a) = -7*a + 25 - a**2 + 6*a**2 - 23 - 4*a**2. Let z = -2 - -2. Suppose 2*r + 7*k - 2*k = -8, 3*r + k - 14 = z. What is j(r)?
-4
Let z(i) = -i**